{"id":40643,"date":"2025-12-10T02:08:17","date_gmt":"2025-12-10T02:08:17","guid":{"rendered":"https:\/\/deton-spareparts.com\/product\/czujnik-retarderu-0501219776-do-iveco-stralis-trakker\/"},"modified":"2025-12-10T02:08:17","modified_gmt":"2025-12-10T02:08:17","slug":"czujnik-retarderu-0501219776-do-iveco-stralis-trakker","status":"publish","type":"product","link":"https:\/\/deton-spareparts.com\/pl\/produkt\/czujnik-retarderu-0501219776-do-iveco-stralis-trakker\/","title":{"rendered":"Czujnik retarderu 0501219776 do Iveco Stralis\/Trakker"},"content":{"rendered":"<h3 data-path-to-node=\"6\"><b data-path-to-node=\"6\" data-index-in-node=\"0\">Opis produktu<\/b><\/h3>\n<p data-path-to-node=\"7\">Nasz czujnik retarderu (OE 0501219776 \/ 42568728) zosta\u0142 zaprojektowany specjalnie dla ci\u0119\u017car\u00f3wek Iveco wyposa\u017conych w uk\u0142ady Intarder firmy ZF. Jako kluczowy element pomocniczego uk\u0142adu hamulcowego czujnik ten zapewnia dok\u0142adn\u0105 transmisj\u0119 danych do modu\u0142u steruj\u0105cego (ECU), umo\u017cliwiaj\u0105c p\u0142ynne i kontrolowane hamowanie bez nadmiernego zu\u017cycia g\u0142\u00f3wnych hamulc\u00f3w roboczych.<\/p>\n<p data-path-to-node=\"8\">Wykonany z wysokiej jako\u015bci materia\u0142\u00f3w odpornych na wysok\u0105 temperatur\u0119 czujnik ten jest przystosowany do pracy w \u015brodowisku o wysokiej temperaturze&#8230;<\/p>\n<h3 data-path-to-node=\"9\">Czujnik ten, wykonany z wysokiej jako\u015bci materia\u0142\u00f3w odpornych na wysok\u0105 temperatur\u0119, zosta\u0142 zaprojektowany tak, aby wytrzyma\u0107 wysokie temperatury panuj\u0105ce w uk\u0142adzie skrzyni bieg\u00f3w i retarderu, zapewniaj\u0105c d\u0142ugotrwa\u0142\u0105 niezawodno\u015b\u0107 w zastosowaniach zwi\u0105zanych z transportem dalekobie\u017cnym i przewozem ci\u0119\u017ckich \u0142adunk\u00f3w.<br \/>\nNajwa\u017cniejsze cechy<\/h3>\n<ul data-path-to-node=\"10\">\n<li>\n<p data-path-to-node=\"10,0,0\"><b data-path-to-node=\"10,0,0\" data-index-in-node=\"0\">Precyzyjna dok\u0142adno\u015b\u0107: Skalibrowany tak, aby odpowiada\u0142 sygna\u0142owi wyj\u015bciowemu producenta OEM, co zapewnia p\u0142ynn\u0105 integracj\u0119 z elektronicznymi uk\u0142adami sterowania firmy Iveco.<\/b><\/p>\n<\/li>\n<li>Trwa\u0142o\u015b\u0107 na poziomie producenta OEM: Zbudowany z my\u015bl\u0105 o odporno\u015bci na olej, wibracje i cykle termiczne, co zapobiega cz\u0119stym ostrze\u017ceniom na desce rozdzielczej dotycz\u0105cym \u201eawarii retarderu\u201d.<\/li>\n<li>Plug-and-Play: Bezpo\u015bredni zamiennik fabrycznych modu\u0142\u00f3w, wyposa\u017cony w standardowe styki z\u0142\u0105cza, co u\u0142atwia monta\u017c.<\/li>\n<li>\n<p data-path-to-node=\"10,3,0\">Op\u0142acalno\u015b\u0107: Najwy\u017csza jako\u015b\u0107 cz\u0119\u015bci zamiennych, kt\u00f3ra dor\u00f3wnuje lub przewy\u017csza parametry cz\u0119\u015bci oryginalnych, przy konkurencyjnej cenie produkcji.<\/p>\n<\/li>\n<\/ul>\n<h3 data-path-to-node=\"11\"><b data-path-to-node=\"11\" data-index-in-node=\"0\">Modele aplikacji<\/b><\/h3>\n<p data-path-to-node=\"12\">Ten czujnik jest kompatybilny z szerok\u0105 gam\u0105 pojazd\u00f3w u\u017cytkowych marki Iveco, w szczeg\u00f3lno\u015bci z tymi wyposa\u017conymi w skrzynie bieg\u00f3w ZF Ecosplit lub ZF AS-Tronic:<\/p>\n<ul data-path-to-node=\"13\">\n<li>\n<p data-path-to-node=\"13,0,0\"><b data-path-to-node=\"13,0,0\" data-index-in-node=\"0\">Iveco Stralis (modele AD\/AT\/AS)<\/b><\/p>\n<\/li>\n<li>Iveco Trakker (modele AD\/AT)<\/li>\n<li>Iveco EuroStar \/ EuroTech<\/li>\n<li>\n<p data-path-to-node=\"13,3,0\"><b data-path-to-node=\"13,3,0\" data-index-in-node=\"0\">Systemy ZF Intarder 2 \/ Intarder 3<\/b><\/p>\n<\/li>\n<\/ul>\n<h3 data-path-to-node=\"14\"><b data-path-to-node=\"14\" data-index-in-node=\"0\">Dane techniczne i numery katalogowe cz\u0119\u015bci oryginalnych<\/b><\/h3>\n<p data-path-to-node=\"15\">Aby zapewni\u0107 prawid\u0142owe dopasowanie, prosimy o sprawdzenie numeru cz\u0119\u015bci w poni\u017cszym zestawieniu odniesie\u0144:<\/p>\n<table data-path-to-node=\"16\">\n<thead>\n<tr>\n<td><strong><\/p>\n<td>Typ referencyjny<\/td>\n<p><\/strong><\/td>\n<p>Numer cz\u0119\u015bci \/ Kod<br \/>\n<\/tr>\n<\/thead>\n<tbody>\n<tr>\n<td><span data-path-to-node=\"16,1,0,0\"><b data-path-to-node=\"16,1,0,0\" data-index-in-node=\"0\"><\/b><\/span><\/td>\n<td>Numer OE firmy Iveco<\/td>\n<p>42568728, 501219776, 42531290<br \/>\n<\/tr>\n<tr>\n<td><span data-path-to-node=\"16,2,0,0\"><b data-path-to-node=\"16,2,0,0\" data-index-in-node=\"0\"><\/b><\/span><\/td>\n<td>Numer katalogowy ZF<\/td>\n<p>0501219776, 0501218036, 0501.219.776<br \/>\n<\/tr>\n<tr>\n<td><span data-path-to-node=\"16,3,0,0\"><b data-path-to-node=\"16,3,0,0\" data-index-in-node=\"0\"><\/b><\/span><\/td>\n<td>Inne odniesienia<\/td>\n<p>42563266, 42566557<br \/>\n<\/tr>\n<\/tbody>\n<\/table>\n","protected":false},"excerpt":{"rendered":"<table>\n<tbody>\n<tr>\n<td>Gwarancja jako\u015bci<\/td>\n<td>Co najmniej jeden rok<\/td>\n<\/tr>\n<tr>\n<td>Personalizacja opakowa\u0144<\/td>\n<td>Dost\u0119pne<\/td>\n<\/tr>\n<\/tbody>\n<\/table>\n","protected":false},"featured_media":35660,"comment_status":"closed","ping_status":"closed","template":"","meta":[],"product_brand":[],"product_cat":[728],"product_tag":[],"class_list":{"0":"post-40643","1":"product","2":"type-product","3":"status-publish","4":"has-post-thumbnail","6":"product_cat-nowosci","7":"pa_fit-for-iveco","8":"pa_part-name-czujnik-spowalniacza","10":"first","11":"instock","12":"shipping-taxable","13":"purchasable","14":"product-type-simple"},"_links":{"self":[{"href":"https:\/\/deton-spareparts.com\/pl\/wp-json\/wp\/v2\/product\/40643","targetHints":{"allow":["GET"]}}],"collection":[{"href":"https:\/\/deton-spareparts.com\/pl\/wp-json\/wp\/v2\/product"}],"about":[{"href":"https:\/\/deton-spareparts.com\/pl\/wp-json\/wp\/v2\/types\/product"}],"replies":[{"embeddable":true,"href":"https:\/\/deton-spareparts.com\/pl\/wp-json\/wp\/v2\/comments?post=40643"}],"version-history":[{"count":0,"href":"https:\/\/deton-spareparts.com\/pl\/wp-json\/wp\/v2\/product\/40643\/revisions"}],"wp:featuredmedia":[{"embeddable":true,"href":"https:\/\/deton-spareparts.com\/pl\/wp-json\/wp\/v2\/media\/35660"}],"wp:attachment":[{"href":"https:\/\/deton-spareparts.com\/pl\/wp-json\/wp\/v2\/media?parent=40643"}],"wp:term":[{"taxonomy":"product_brand","embeddable":true,"href":"https:\/\/deton-spareparts.com\/pl\/wp-json\/wp\/v2\/product_brand?post=40643"},{"taxonomy":"product_cat","embeddable":true,"href":"https:\/\/deton-spareparts.com\/pl\/wp-json\/wp\/v2\/product_cat?post=40643"},{"taxonomy":"product_tag","embeddable":true,"href":"https:\/\/deton-spareparts.com\/pl\/wp-json\/wp\/v2\/product_tag?post=40643"}],"curies":[{"name":"wp","href":"https:\/\/api.w.org\/{rel}","templated":true}]}}

<h3 data-path-to-node="6"><b data-path-to-node="6" data-index-in-node="0">Opis produktu</b></h3>
<p data-path-to-node="7">Nasz czujnik retarderu (OE 0501219776 / 42568728) został zaprojektowany specjalnie dla ciężarówek Iveco wyposażonych w układy Intarder firmy ZF. Jako kluczowy element pomocniczego układu hamulcowego czujnik ten zapewnia dokładną transmisję danych do modułu sterującego (ECU), umożliwiając płynne i kontrolowane hamowanie bez nadmiernego zużycia głównych hamulców roboczych.</p>
<p data-path-to-node="8">Wykonany z wysokiej jakości materiałów odpornych na wysoką temperaturę czujnik ten jest przystosowany do pracy w środowisku o wysokiej temperaturze&#8230;</p>
<h3 data-path-to-node="9">Czujnik ten, wykonany z wysokiej jakości materiałów odpornych na wysoką temperaturę, został zaprojektowany tak, aby wytrzymać wysokie temperatury panujące w układzie skrzyni biegów i retarderu, zapewniając długotrwałą niezawodność w zastosowaniach związanych z transportem dalekobieżnym i przewozem ciężkich ładunków.<br />
Najważniejsze cechy</h3>
<ul data-path-to-node="10">
<li>
<p data-path-to-node="10,0,0"><b data-path-to-node="10,0,0" data-index-in-node="0">Precyzyjna dokładność: Skalibrowany tak, aby odpowiadał sygnałowi wyjściowemu producenta OEM, co zapewnia płynną integrację z elektronicznymi układami sterowania firmy Iveco.</b></p>
</li>
<li>Trwałość na poziomie producenta OEM: Zbudowany z myślą o odporności na olej, wibracje i cykle termiczne, co zapobiega częstym ostrzeżeniom na desce rozdzielczej dotyczącym „awarii retarderu”.</li>
<li>Plug-and-Play: Bezpośredni zamiennik fabrycznych modułów, wyposażony w standardowe styki złącza, co ułatwia montaż.</li>
<li>
<p data-path-to-node="10,3,0">Opłacalność: Najwyższa jakość części zamiennych, która dorównuje lub przewyższa parametry części oryginalnych, przy konkurencyjnej cenie produkcji.</p>
</li>
</ul>
<h3 data-path-to-node="11"><b data-path-to-node="11" data-index-in-node="0">Modele aplikacji</b></h3>
<p data-path-to-node="12">Ten czujnik jest kompatybilny z szeroką gamą pojazdów użytkowych marki Iveco, w szczególności z tymi wyposażonymi w skrzynie biegów ZF Ecosplit lub ZF AS-Tronic:</p>
<ul data-path-to-node="13">
<li>
<p data-path-to-node="13,0,0"><b data-path-to-node="13,0,0" data-index-in-node="0">Iveco Stralis (modele AD/AT/AS)</b></p>
</li>
<li>Iveco Trakker (modele AD/AT)</li>
<li>Iveco EuroStar / EuroTech</li>
<li>
<p data-path-to-node="13,3,0"><b data-path-to-node="13,3,0" data-index-in-node="0">Systemy ZF Intarder 2 / Intarder 3</b></p>
</li>
</ul>
<h3 data-path-to-node="14"><b data-path-to-node="14" data-index-in-node="0">Dane techniczne i numery katalogowe części oryginalnych</b></h3>
<p data-path-to-node="15">Aby zapewnić prawidłowe dopasowanie, prosimy o sprawdzenie numeru części w poniższym zestawieniu odniesień:</p>
<table data-path-to-node="16">
<thead>
<tr>
<td><strong></p>
<td>Typ referencyjny</td>
<p></strong></td>
<p>Numer części / Kod<br />
</tr>
</thead>
<tbody>
<tr>
<td><span data-path-to-node="16,1,0,0"><b data-path-to-node="16,1,0,0" data-index-in-node="0"></b></span></td>
<td>Numer OE firmy Iveco</td>
<p>42568728, 501219776, 42531290<br />
</tr>
<tr>
<td><span data-path-to-node="16,2,0,0"><b data-path-to-node="16,2,0,0" data-index-in-node="0"></b></span></td>
<td>Numer katalogowy ZF</td>
<p>0501219776, 0501218036, 0501.219.776<br />
</tr>
<tr>
<td><span data-path-to-node="16,3,0,0"><b data-path-to-node="16,3,0,0" data-index-in-node="0"></b></span></td>
<td>Inne odniesienia</td>
<p>42563266, 42566557<br />
</tr>
</tbody>
</table>

<table>
<tbody>
<tr>
<td>Gwarancja jakości</td>
<td>Co najmniej jeden rok</td>
</tr>
<tr>
<td>Personalizacja opakowań</td>
<td>Dostępne</td>
</tr>
</tbody>
</table>
